) = 4*c**2 + 6*c - 7 + 2*c - c**3 - 2*c + 0. Let x be (102/9)/(6/(-9)). Let s = -12 - x. Give y(s).
-2
Let m(d) = -3 + 129*d - 267*d + 2*d**3 + 136*d - 4*d**2. Determine m(3).
9
Let s(p) = -6*p - 114. Let y be s(-21). Let f(c) = c - 7. Determine f(y).
5
Let n(o) = o**3 - 3*o**2 - 5. Let g(y) = -2*y - 6. Let a be g(-7). Let m(l) = 5*l**2 - 9*l - l**3 - 1 + 4*l**2 + 13. Let u be m(a). Calculate n(u).
11
Let b(q) = -q**2 - 8*q - 4. Let z(f) be the first derivative of f**3/3 + 4*f**2 + 5*f + 21. Let h(j) = -3*b(j) - 4*z(j). Calculate h(-7).
-1
Let k(h) be the third derivative of h**4/4 - h**3/3 - h**2. Let z(j) = 17*j - 7. Let v(l) = -11*k(l) + 4*z(l). What is v(4)?
2
Let i(g) = -g**3 - 6*g**2 + 27*g + 1. Let h be i(-9). Let n(b) = -2*b**3 + 2*b**2 - b**3 - 1 + 0*b**3. Determine n(h).
-2
Let r(v) = -v**3 + 3*v**2 - v - 2. Let j = -7 - -4. Let u = 2 - j. Let i be (28/(-35))/((-2)/u). Calculate r(i).
0
Let o be 40/(-12)*(-30)/25. Suppose -4*z + 3 = -5*y + 9, -o*z + 14 = 5*y. Let t(j) = -4*j - 3 - 2*j**y + j**2 - 4*j. Calculate t(-6).
9
Let n(a) = -1 - 13*a**2 + a + 14*a**2 - a. Let z be 5 + (0 + 0 - 1). Suppose z*y + 0*y - 4 = 0. Calculate n(y).
0
Let f(r) = r**3 + 9*r**2 - 2*r - 12. Let j(z) = -z**2 - 27*z - 9. Let a be j(-27). Calculate f(a).
6
Let v(m) = 2*m + 0*m + 43 - 44. Calculate v(-3).
-7
Let p(k) = k - 41. Let i(d) = -d + 11. Let x(b) = -7*i(b) - 2*p(b). Give x(-2).
-5
Let s(l) = -20*l + 22*l - 4 + 3 + 4*l**2. Give s(1).
5
Suppose -6*u - 3*w = -3*u - 18, 4*w = -5*u + 26. Let x(l) = -588*l - l**2 - 5 + 587*l - 5*l**u - l**3. Give x(-6).
1
Suppose -3*r = -g + 2 - 4, -4*r + 9 = 5*g. Let o be (g - 9) + 4 + 0. Let h(x) = -3*x - 4. What is h(o)?
8
Let x(r) = -4*r + 3*r - 1 - 6 - 4 + 13. Give x(8).
-6
Let d(s) be the second derivative of s**4/12 - s**3/3 + 9*s**2/2 - 137*s. Calculate d(6).
33
Let t(g) = 6 + 2 + 0 + 2*g - 3 - g**2. Give t(3).
2
Let g = 18 - 16. Let l(o) = -55*o**g - 1 + 9 - 2*o + 54*o**2. Give l(-6).
-16
Let n = 18 + -14. Let y = -3 + n. Let s(b) = -1 + b - y + 0 - 6. Calculate s(0).
-8
Let c(g) = -171*g + 7 - 7*g**2 + 4*g**3 - 3*g**3 + 180*g. Determine c(5).
2
Let s(u) be the second derivative of -u**3 - 21*u - 7/12*u**4 + 0 + 7/2*u**2 - 1/20*u**5. Determine s(-6).
7
Suppose 0*r = -t - r + 10, -4 = -r. Let k(f) = -16 + 8 + 1 + 8*f - 7*f. What is k(t)?
-1
Suppose 0 = 5*y + 4*g - 37, 2*y + 27 = 5*y + 4*g. Suppose 33 = 4*m + y. Let p(c) = -5 + c - 3*c + 4*c - c. Determine p(m).
2
Let m(c) be the third derivative of -c**6/120 - 11*c**5/60 + 7*c**3/6 - 2*c**2 + 2. Give m(-11).
7
Let w(n) be the third derivative of n**5/4 + 335*n**2. Calculate w(1).
15
Let o(r) = -13*r - 9 + 1 + 2*r + 10*r. Suppose -20 = -0*s + 4*s. Let f = s - -11. Calculate o(f).
-14
Let l(c) = -2*c**2 + 1 + c**2 - 1174*c + 1174*c. What is l(0)?
1
Let b(h) be the third derivative of h**4/12 - 3*h**2. Suppose -y - 4 = -1. Let l(f) = -f. Let p(n) = y*l(n) - b(n). Give p(-5).
-5
Let r(m) be the second derivative of -m**3/6 - 5*m**2/2 - m - 25. Suppose b + 14 = -2*g, g + g - 5*b = -14. Let c = 7 + g. Calculate r(c).
-5
Let c(m) = 5*m**2 + 2*m + 3. Let n(b) = 27*b**2 + 12*b + 16. Let f(s) = -11*c(s) + 2*n(s). Give f(-7).
-64
Let s(h) = 10*h + 20*h + 11*h + 12 - 63*h + 21*h. Give s(11).
1
Suppose -2*l - 3*g = -19, 0 = l - 3*g - 0*g + 13. Let o(v) = -l*v + 5*v - 7 - 4*v. Calculate o(-5).
-2
Let p(v) = -205 - 40 + 242 + 3*v - v**2. Let m = 9 - 4. Calculate p(m).
-13
Let d(b) be the first derivative of -b**7/840 + b**6/120 - b**5/30 - b**4/24 + 37*b**3/3 + 1. Let v(p) be the third derivative of d(p). Determine v(3).
-13
Suppose w - 7 = 2*w. Let a be 1*(w + 3 - -3). Let r be ((-4)/a + 3)*1. Let s(j) = -j**3 + 8*j**2 - 6*j - 8. Give s(r).
-1
Let b(w) be the first derivative of 3*w**2/2 - 30*w + 71. What is b(12)?
6
Let v(r) be the first derivative of 2*r**3/3 - 6*r**2 - 3*r - 27. Give v(6).
-3
Let j(o) be the third derivative of 1/12*o**4 + 14*o**2 - 1/3*o**3 + 0*o + 0. Determine j(2).
2
Let s be (2 - 3)/(14 - 13). Let n(v) = -6*v**3 + v**2 - 1. Give n(s).
6
Let q(c) = 29*c**2 - 18*c**2 - 10*c**2 - 2 + 0. Let s(x) be the third derivative of x**4/24 + x**3/3 + 2*x**2. Let b be s(-4). Determine q(b).
2
Let m(u) = 4*u**3 + 4*u**2 + 9*u + 6. Let n(r) = -3*r**3 - 4*r**2 - 8*r - 6. Let z(v) = 4*m(v) + 5*n(v). Calculate z(5).
-1
Let l be ((-10)/(-4))/(-5) + (-21)/6. Let f(h) = -5*h - 15. Give f(l).
5
Let m(x) be the second derivative of -x**4/6 + x**3/2 + 2*x**2 - 73*x + 2. Calculate m(4).
-16
Let g(n) = -5*n + 4. Let i be (-8)/((-24)/(8 + -2)). Give g(i).
-6
Let j(h) = 3*h**3 + h**2 - h. Let y(i) = 14*i**3 + 5*i**2 - 6*i. Let s(c) = -5*j(c) + y(c). What is s(-1)?
2
Let x be 2 + -2 + -5 - -1. Let r(j) = j**3 + 3*j**2 - 5*j - 1. Calculate r(x).
3
Let a = 10 + -5. Let k(x) = 0 + 0 - 3 - a*x. Suppose -4*z + 14 = -w, z = -3*w - w - 5. What is k(w)?
7
Let v = 5 + -2. Let j(o) = 4 + v*o + 1 - 4. Suppose b = -x + 2 + 3, -3*b + 7 = -5*x. Determine j(x).
4
Let h(u) be the second derivative of -u**3/6 + 3*u**2 + 2*u + 14. Give h(-9).
15
Let g(x) be the second derivative of -x**5/10 - x**4/12 - x**3/6 + x**2 + 6*x + 20. Calculate g(2).
-20
Suppose -4*v + 5*i = -166, -v = -4*v + 2*i + 128. Let p = v + -45. Let k(j) be the second derivative of -j**5/20 - j**4/12 - j**3/6 + j. Determine k(p).
1
Suppose -39 = 5*k + 2*f, -4*k + 3*f = 6*f + 34. Let t = 6 - 4. Let m(x) = 7*x - 3 + x**3 + 8*x**t + 2 + 1. Give m(k).
0
Let w(n) = -2*n - 2. Let o = -384 + 253. Let d = -135 - o. Calculate w(d).
6
Let w(t) = -8*t**3 + t**2 + 2*t + 1. Let q(y) = y**2 - 9*y - 37. Suppose 64 = 4*m + 4*i, 2*m + 3*i = 4*i + 20. Let r be q(m). Determine w(r).
8
Let g be (4 - 3)*(-3 + 1). Let p = -4 + g. Let r(o) = -214*o + 55 + 220*o + o**2 - 51. Determine r(p).
4
Let r(n) be the first derivative of n**4/4 - 5*n**3/3 - 3*n**2 - 8*n + 2. Let x be 1*13 - 119/(289/17). Calculate r(x).
-8
Let u(k) = -3*k - 12 + 26 + k**2 - 12 - 5. What is u(4)?
1
Let y(a) be the first derivative of 3*a**2/2 - 35*a + 395. Give y(14).
7
Let m(y) = -2*y**2 + 9*y + 7. Let w be m(0). Let d(q) = q**2 - 9*q + 18. Calculate d(w).
4
Let w(z) = -3*z**2 + z + 8. Let f be w(-2). Let q(p) be the third derivative of p**6/120 + p**5/10 - 2*p**3/3 - 5*p**2. What is q(f)?
-4
Let t = 31 - 37. Let i(b) be the third derivative of 4*b**2 - 5/24*b**4 - 7/60*b**5 - 1/2*b**3 + 0*b - 1/120*b**6 + 0. Calculate i(t).
-9
Let j(u) = -4*u + 10. Let x be j(3). Let o(t) = 2*t**2 + 2*t + 1. Determine o(x).
5
Suppose 2*j + 5 = 3*j. Suppose 3*m = -j*y - 23, 0 = m + 4*y - 5*y - 3. Let k be m + 0 + (2 - -1). Let i(v) = 3*v - 2. What is i(k)?
4
Let r(i) be the second derivative of 1/3*i**3 + 1/6*i**4 - 2*i + 1/2*i**2 + 0. Suppose 0 = -4*v + 5*z + 21, 3*z + 18 = 2*v - z. Determine r(v).
1
Let w(p) be the second derivative of p**5/20 - p**4/2 + p**3 - 3*p**2/2 - 320*p. Let x be (-5)/10 + 11/2. Give w(x).
2
Let t be (1/(-4))/((-47)/(-940)). Let g(y) = -y**3 - 4*y**2 + 4*y - 1. Determine g(t).
4
Let n(d) be the second derivative of -d**4/6 + 19*d**3/6 + 2*d**2 - 13*d. Let u(s) = -s**2 + 9*s + 2. Let g(v) = -2*n(v) + 5*u(v). Determine g(6).
8
Suppose o + 1 = -3. Let p(z) be the first derivative of -z**3/3 - 2*z**2 - 33. Calculate p(o).
0
Let h(j) be the second derivative of -2*j**2 - 12*j + 2/3*j**3 + 0. Calculate h(3).
8
Let a be (-2)/6 - 12/(-9). Let z(l) = -7435 - l - 10*l**3 + 3717 + 3719. Give z(a).
-10
Let p(f) = f**2 + 7*f + 4. Suppose 64 = 5*o - 56. Suppose 9*c - 6*c + o = 0. Let i be (-2)/c + 464/(-64). What is p(i)?
4
Let m(b) = b + 3. Let l(k) = -k**2 + 5*k + 17. Let x be l(7). Let a be m(x). Let f(q) = -q - 3. What is f(a)?
-9
Let k(x) be the first derivative of x**5/20 - 7*x**4/12 + 3*x**2/2 + 3*x + 19. Let z(u) be the first derivative of k(u). Calculate z(7).
3
Let s(y) = -3*y**2 + 25*y - 2. Let a be 4/10 - 8/(-5). Suppose 9*w - 50 = 13. Let x(b) = b**2 - 8*b + 1. Let z(l) = a*s(l) + w*x(l). Calculate z(6).
3
Let x = -707 + 700. Let n(h) = -h**2 - 9*h - 8. Give n(x).
6
Suppose 3*k - k = -8. Let y be 4/(-6)*-3*1. Let s(u) = y - 4 - 1 - 2*u + 2. What is s(k)?
7
Suppose 2*x + 3*n + 15 = 0, 4 = -2*n + 2. Let z(r) be the second derivative of r**4/12 + 7*r**3/6 - 3*r**2/2 - r. Calculate z(x).
-9
Let i(j) = j - 7. Let b(y) = -y + 4. Let k(r) = 5*b(r) + 3*i(r). Determine k(1).
-3
Le